-4)/(12/c). Suppose -4*s - v*i + 23 = -3*s, 2*s - 46 = 2*i. Calculate the remainder when 45 is divided by s.
22
Let m(h) = 3*h - 8. Let q be m(6). Suppose -5*t = -185 - q. Suppose 0 - 6 = -3*f, 0 = 3*x + 4*f - 32. What is the remainder when t is divided by x?
7
Let a = -9 + 156. Let c = -141 + a. Calculate the remainder when 159 is divided by c.
3
Let h = -16 + 40. Suppose -20*t - 5*x = -h*t + 60, 0 = -2*x + 8. Calculate the remainder when 191 is divided by t.
11
Let y be (1 + 7)*(3/6 + 0). What is the remainder when 105 is divided by (2/(-2))/(y/(-396)*3)?
6
Suppose 3*s - 2*s + 14 = 0. Let f(q) = -2*q**2 - 21*q - 15. What is the remainder when f(-3) is divided by (2/s + 1)*14?
6
What is the remainder when -13 + -1 + 79170/195 is divided by 192?
8
Let j(f) be the third derivative of f**5/15 - 7*f**4/12 + 143*f**3/6 + 212*f**2. Calculate the remainder when j(10) is divided by 14.
11
Suppose 0 = -20*k + 647 + 1593. Let l = -693 - -716. Calculate the remainder when k is divided by l.
20
Suppose 3*v - 5*v + 3*h - 140 = 0, 3*v + h = -199. Let a = -30 - v. What is the remainder when 109 is divided by a?
35
Suppose -y - 7 + 23 = 0. Let t(b) = b**3 + 9*b**2 + 8*b - 14. Let g be t(-7). Suppose g + 88 = 4*k. What is the remainder when k is divided by y?
13
Let g = 3 - -1. Suppose -8 = -0*t - g*t. Suppose 9 = -t*w + 77. What is the remainder when 133 is divided by w?
31
Let k(q) = q**2 + 9*q + 6. Let b(x) = -x**2 - 2*x + 7. Let y be b(3). Let n = 12 + y. Calculate the remainder when k(-10) is divided by n.
0
Suppose 0 = -5*s + 2*t + 102, t = 3*s + 4*t - 78. Let u(f) = -8*f**3 + f**2 + f. Let q be u(1). What is the remainder when (9/q)/((-3)/s) is divided by 4?
3
Let n = 37 + -25. Let c(u) = -3*u - 17. Let f(k) = 7*k + 33. Let g(h) = -5*c(h) - 2*f(h). Calculate the remainder when g(4) is divided by n.
11
Suppose 5*l = -0*l - q - 16, 5*l = 3*q - 12. Let w be 48/(-12) - l/1. Calculate the remainder when 9 + 61 + 1*w is divided by 18.
15
Suppose 4*m = -3*p + 573, -2*m - 6*p = -5*p - 287. Suppose 132 = 4*b - s, m = 6*b - b + 4*s. What is the remainder when 893 is divided by b?
29
Let h = 155 + 6. What is the remainder when h is divided by 56?
49
Let l(s) = -s**3 + 10*s**2 + 10*s + 15. Let i be l(11). Suppose 0 = 3*n + 4*b - 86, -i*n + 5*b = -0*b - 63. What is the remainder when n is divided by 6?
4
Suppose 0 = 7*z + 10 - 3. Let v(x) = -128*x**3 + x**2 + 3*x + 2. What is the remainder when v(z) is divided by 26?
24
Let o(f) = 196 + 13*f - 5*f**3 - 3*f**2 - 203 - 5*f. Calculate the remainder when o(-4) is divided by 26.
25
Let f(o) = 0 + 3*o + 3 + 4. Calculate the remainder when 2348/24 + 1/6 is divided by f(6).
23
Let c(l) = -l**3 + 34*l**2 - 66*l - 50. Let t be c(32). Let j = -95 - t. Calculate the remainder when 54 is divided by j.
16
Let x(g) = -17*g**3 - 2*g**2 - g - 3. Calculate the remainder when x(-2) is divided by 4/22 + ((-1410)/(-110) - -3).
15
Suppose 8 = 4*z - 28. Suppose -z*p - 73 = -316. Let t = 31 + p. What is the remainder when t is divided by 10?
8
Let g = -19465 + 19482. Calculate the remainder when 1/((-15)/24)*-190 is divided by g.
15
Suppose 29*o - 113 - 37 = 430. Calculate the remainder when 587 is divided by o.
7
Suppose 5*a - 3*s = 0, s = 4*a - 2*s. Suppose -572 = -a*g - 26*g. Calculate the remainder when 25 is divided by g.
3
Suppose -5063 = -5*v + 4*k, 5*v = 12*k - 10*k + 5069. What is the remainder when 2035 is divided by v?
5
Suppose -4*m - 5*a = -344, -3*m + 3*a + 86 = -2*m. Let f(t) = m - t**2 - 62 + 113. What is the remainder when f(0) is divided by 35?
32
Let g = -38 + 40. Suppose 4*o + 3*n = 39, -n - g*n - 9 = 0. Calculate the remainder when 201 is divided by o.
9
Let p(n) = 2*n**2. Let q(d) = d**2 - 20*d - 18. Let r be q(21). Let t = 59 - 28. Calculate the remainder when t is divided by p(r).
13
Suppose -3*h + 66 = -6. Suppose 23*v = h*v - 195. Calculate the remainder when v is divided by 49.
48
Suppose -5*c - 4*k - 26 = 0, -6*c + k - 4 = -2*c. Let o be -1 - 113/c - (-2)/(-4). Suppose -o*x = -60*x + 230. Calculate the remainder when x is divided by 12.
10
Let q = -1387 + 1472. Calculate the remainder when q is divided by 3 + -3*(-134)/6.
15
Let l(o) = 17 - 14 - 53 + 22*o - 6. What is the remainder when 128 is divided by l(3)?
8
Suppose 5*q - 2131 + 651 = -d, -2*d + 3*q = -3064. Calculate the remainder when d is divided by 58.
12
Suppose 11*k - 3*a - 881 = 3*k, a + 439 = 4*k. What is the remainder when 110 is divided by k?
1
Let o(j) = j**2 + 11*j + 25. Let q be o(-3). Calculate the remainder when ((-76)/6)/q*6/(-4) is divided by 5.
4
Suppose 431 = 5*r + 2*d, -72*r + 75*r - 217 = 4*d. What is the remainder when r is divided by (58/(-3))/((-12)/18)?
25
Let x = -1353 + 1412. Calculate the remainder when x is divided by 29.
1
Suppose 73 + 179 = c. Suppose -240*w = -238*w - c. What is the remainder when w is divided by 13?
9
Let c be 4/18 + (-616)/99. Let f be (-14)/(-3) + 4/c. Suppose 2*p + 0*p - 150 = -f*v, -4*p - 132 = -4*v. What is the remainder when v is divided by 13?
10
Let i(g) = 3*g**2 - g - 19. Let c be i(6). Let w = c - 43. Calculate the remainder when 119 is divided by w.
39
Suppose 30*v + 1312 + 937 = 203*v. What is the remainder when 3559 is divided by v?
10
Suppose 5*i - 2*i = 46170. Calculate the remainder when i/72 + (-1)/(-4) is divided by 12.
10
Let h(q) = 7*q**2 - 631*q - 3800. What is the remainder when 506 is divided by h(-6)?
30
What is the remainder when 751 is divided by 3*((-360)/480)/(1/(-44))?
58
Let l(p) = 3*p**3 + 110*p**2 - 156*p - 142. Calculate the remainder when l(-38) is divided by 10.
0
Suppose 4*a + 31 = -0*f + 5*f, -3*a - 18 = -2*f. Calculate the remainder when 26 is divided by f.
2
Let v(u) = 21*u + 468. Let a be v(-22). What is the remainder when (-58*(-13)/(-6))/((-2)/a) is divided by 9?
8
Let l = 27329 - 23915. Calculate the remainder when l is divided by 28.
26
Calculate the remainder when 308/28 + (-308)/(-1) is divided by 18.
13
Suppose -2*k + 1013 = 129. Let q = 456 - k. What is the remainder when q is divided by 5?
4
Let c(x) = -2*x**2 - 30*x + 25. Let h = -74 + 59. What is the remainder when c(h) is divided by 6/4*(-13 - -15)?
1
Let u = 246 + -233. Suppose k + 15 = s, -k - u = -s + k. What is the remainder when s is divided by 9?
8
Let c(g) = 2*g**2 - 89*g - 1055. What is the remainder when 8150 is divided by c(-10)?
30
Let j = -127 - -129. Suppose 2*p = -3*w + 193, 5*w + 0*p - j*p = 295. Calculate the remainder when 181 is divided by w.
59
Suppose 2*y = -g + 26, 3*g - y = 2*y + 96. Let t = g + -19. Suppose 4*m - 21 = 3*m. Calculate the remainder when m is divided by t.
10
Suppose 3*x + 12 = x + 3*v, 2*v - 8 = 0. Suppose 0 = -x*b + b - 27. What is the remainder when (99/(-2) + 16)*-4 is divided by b?
26
Suppose -35 = 9*b - 10*b. What is the remainder when 168 is divided by b?
28
Suppose 0 = -5*t - 4*u - 207, t + 5*u - 5 + 38 = 0. Let o = t - -210. Calculate the remainder when o is divided by 24.
23
Suppose 6430*b - 5632 = 6419*b. What is the remainder when 515 is divided by b?
3
Suppose 3*b - 2948 = -q - 3*q, q - 1967 = -2*b. What is the remainder when b is divided by 55?
49
Let x = -16 - -39. Suppose -v + 20 = 20. Suppose -3*f + 5*r + 106 = v, -34 = 5*f - 6*f + 2*r. Calculate the remainder when f is divided by x.
19
Suppose 0 = -2*y + 12, -27 = -4*q - 4*y + 1. Calculate the remainder when 168 is divided by q.
0
Suppose 2*j + 29 - 93 = -4*p, 5*j + 2*p = 128. Suppose -2*v - 352 = -j*v. Calculate the remainder when 139 is divided by v.
11
Let p(c) = 5*c - 11. Let a be p(5). Let u be (-5)/(-1)*14/a. Let d(z) = -z**2 + 6*z + 4. Calculate the remainder when 21 is divided by d(u).
3
Suppose 6*y - 4*v = 104, y + 2*v - 144 = -124. Calculate the remainder when 480 is divided by y.
12
Suppose -23*n + 23 = -1403. What is the remainder when 161 is divided by n?
37
Suppose -a + 305 = 4*a. Let m(w) = -w**3 - 26*w**2 - 27*w - 41. Let n(u) = 14*u - 25. Let z be n(0). Calculate the remainder when a is divided by m(z).
7
Let x(z) = -z. Suppose 4*q + 645 = 5*b, 9*b - 12*b = 4*q - 419. What is the remainder when b is divided by x(-8)?
5
Suppose 0*p + 144 = 12*p. Let r be 6/3 - 3 - -3. Suppose r*k = 5*k - 273. Calculate the remainder when k is divided by p.
7
Let b(c) = 2*c**3 - 2*c**2 + 9*c - 1. Cal